{"id":27,"date":"2012-08-07T19:55:31","date_gmt":"2012-08-07T18:55:31","guid":{"rendered":"http:\/\/uejf.org\/iraniansinauschwitz\/?page_id=27"},"modified":"2013-03-04T00:26:11","modified_gmt":"2013-03-03T23:26:11","slug":"soutiens-et-partenaires","status":"publish","type":"page","link":"https:\/\/uejf.org\/iraniansinauschwitzFR\/soutiens-et-partenaires\/","title":{"rendered":"Soutiens et partenaires"},"content":{"rendered":"<h1 style=\"text-align: center;\">Soutiens<\/h1>\n<p style=\"text-align: center;\">Fondation pour la M\u00e9moire de la Shoah<\/p>\n<div style=\"width: 190px\" class=\"wp-caption aligncenter\"><img loading=\"lazy\" decoding=\"async\" alt=\"\" src=\"http:\/\/a0.twimg.com\/profile_images\/2143830840\/Logo_FMS__RVB_180.jpg\" width=\"180\" height=\"180\" \/><p class=\"wp-caption-text\">Fondation pour la M\u00e9moire de la Shoah<\/p><\/div>\n<p>&nbsp;<\/p>\n<p style=\"text-align: center;\">Fondation Verbe et Lumi\u00e8re<\/p>\n<div style=\"width: 310px\" class=\"wp-caption aligncenter\"><img loading=\"lazy\" decoding=\"async\" alt=\"\" src=\"http:\/\/uejf.org\/iraniansinauschwitzFR\/files\/2012\/08\/VL-logo.jpg\" width=\"300\" height=\"114\" \/><p class=\"wp-caption-text\">Fondation Verbe et Lumi\u00e8re<\/p><\/div>\n<p style=\"text-align: center;\">M\u00e9morial de la Shoah<\/p>\n<div style=\"width: 209px\" class=\"wp-caption aligncenter\"><img loading=\"lazy\" decoding=\"async\" alt=\"\" src=\"http:\/\/librairie.memorialdelashoah.org\/images\/logo.gif\" width=\"199\" height=\"191\" \/><p class=\"wp-caption-text\">M\u00e9morial de la Shoah<\/p><\/div>\n<h1 style=\"text-align: center;\">Partenaires<\/h1>\n<div id=\"attachment_117\" style=\"width: 160px\" class=\"wp-caption aligncenter\"><a href=\"http:\/\/uejf.org\/iraniansinauschwitzFR\/files\/2012\/08\/CIS-Logo.jpg\"><img loading=\"lazy\" decoding=\"async\" aria-describedby=\"caption-attachment-117\" class=\"size-thumbnail wp-image-117 \" alt=\"CIS Logo\" src=\"http:\/\/uejf.org\/iraniansinauschwitzFR\/files\/2012\/08\/CIS-Logo-150x150.jpg\" width=\"150\" height=\"150\" srcset=\"https:\/\/uejf.org\/iraniansinauschwitzFR\/files\/2012\/08\/CIS-Logo-150x150.jpg 150w, https:\/\/uejf.org\/iraniansinauschwitzFR\/files\/2012\/08\/CIS-Logo-300x300.jpg 300w, https:\/\/uejf.org\/iraniansinauschwitzFR\/files\/2012\/08\/CIS-Logo.jpg 500w\" sizes=\"auto, (max-width: 150px) 100vw, 150px\" \/><\/a><p id=\"caption-attachment-117\" class=\"wp-caption-text\">Conf\u00e9d\u00e9ration des Etudiants Iraniens<\/p><\/div>\n","protected":false},"excerpt":{"rendered":"<p>Soutiens Fondation pour la M\u00e9moire de la Shoah &nbsp; Fondation Verbe et Lumi\u00e8re M\u00e9morial de la Shoah Partenaires<\/p>\n","protected":false},"author":2,"featured_media":0,"parent":0,"menu_order":0,"comment_status":"closed","ping_status":"closed","template":"","meta":{"ngg_post_thumbnail":0,"footnotes":""},"class_list":["post-27","page","type-page","status-publish","hentry"],"_links":{"self":[{"href":"https:\/\/uejf.org\/iraniansinauschwitzFR\/wp-json\/wp\/v2\/pages\/27","targetHints":{"allow":["GET"]}}],"collection":[{"href":"https:\/\/uejf.org\/iraniansinauschwitzFR\/wp-json\/wp\/v2\/pages"}],"about":[{"href":"https:\/\/uejf.org\/iraniansinauschwitzFR\/wp-json\/wp\/v2\/types\/page"}],"author":[{"embeddable":true,"href":"https:\/\/uejf.org\/iraniansinauschwitzFR\/wp-json\/wp\/v2\/users\/2"}],"replies":[{"embeddable":true,"href":"https:\/\/uejf.org\/iraniansinauschwitzFR\/wp-json\/wp\/v2\/comments?post=27"}],"version-history":[{"count":8,"href":"https:\/\/uejf.org\/iraniansinauschwitzFR\/wp-json\/wp\/v2\/pages\/27\/revisions"}],"predecessor-version":[{"id":166,"href":"https:\/\/uejf.org\/iraniansinauschwitzFR\/wp-json\/wp\/v2\/pages\/27\/revisions\/166"}],"wp:attachment":[{"href":"https:\/\/uejf.org\/iraniansinauschwitzFR\/wp-json\/wp\/v2\/media?parent=27"}],"curies":[{"name":"wp","href":"https:\/\/api.w.org\/{rel}","templated":true}]}}